. Suppose 0 = -3*n, -4*c + 0*n = n - i. What is the highest common factor of c and 140?
20
Let q be (-46)/4*-3*8. Suppose -152*c - 859 = -4507. Calculate the highest common factor of c and q.
12
Let s(j) = 11*j**2 - 38*j - 284. Let c be s(-23). What is the greatest common divisor of 13 and c?
13
Let t(m) = m**2 - 47*m - 570. Let a be t(58). What is the greatest common divisor of 4471 and a?
17
Let g(u) = -3*u + 8. Let x be g(5). Let p(c) be the first derivative of -3*c**2/2 - 17*c + 2. Let t be p(x). Calculate the greatest common divisor of t and 20.
4
Let j(z) be the third derivative of -1/4*z**4 - 39*z**2 + 0 - 25/6*z**3 + 0*z. Let k be j(-8). Calculate the highest common divisor of 92 and k.
23
Let y = -7858 - -8371. What is the highest common factor of 621 and y?
27
Let f(n) = 102*n**2 - 208*n + 6. Let x be f(3). Let q(s) = s**3 - 6*s**2 + 4*s - 9. Let o be q(6). What is the highest common factor of x and o?
15
Let x(w) = 136 + 116 + 18*w + 147 - 95 - 34. Let p be x(0). Let v be (18/(-4))/(3/(-20)). Calculate the highest common factor of p and v.
30
Suppose 2*g = 4*w - 34, 2*w - 75 + 13 = 4*g. Let j be 20/(1/(g/(-6))). Suppose 28*l - 31*l + 75 = 0. What is the greatest common factor of j and l?
25
Let d be (-96)/(-3216) + (-3036292)/(-469). What is the highest common divisor of 52 and d?
26
Let c = -27284 + 27370. Calculate the highest common divisor of c and 24940.
86
Let t be 8*(1/3)/(2/(-3)). Let l = 112 + t. Let m be 18*((-11)/(-3) + -3). Calculate the greatest common factor of m and l.
12
Let v be 11/(33/(-12)) - (-1 + 1). Let o(d) = -d**2 - 13*d. Let q be o(-12). Let z be 10/((q/(-63))/v). What is the highest common divisor of 30 and z?
30
Let i = 6359 - 6348. What is the greatest common factor of 1870 and i?
11
Let l(g) = g**3 - 7*g**2 - 7. Let r be l(7). Let p(d) = -4*d + 54. Let u be p(r). Let i = u - 72. Calculate the greatest common factor of i and 6.
2
Let u be 1/4*(44 - 0/(-2)). Suppose -23 = q - 34. Suppose 13*h = 12*h + q. What is the highest common factor of h and u?
11
Let c(f) = -f**3 - 8*f**2 + 6*f + 11. Let t be c(-9). Calculate the highest common divisor of t and 4750.
38
Let k = 321 - -183. Let c = -121295 - -121358. What is the greatest common factor of k and c?
63
Suppose -3 - 3 = -2*p. Let y = 295 + -243. Suppose -x - y = -p*x. What is the greatest common divisor of 13 and x?
13
Let q be 1/(-2*(-1)/412). Suppose 214 = 3*d + 5*g, 3*d - g = 6*d - q. Let k = 28 - 11. Calculate the highest common divisor of k and d.
17
Suppose -2*g - s + 110 = -73, -5*g + 463 = -3*s. Suppose -5*t - 12*b + 1155 = -13*b, 0 = 2*t + 4*b - 440. Calculate the highest common divisor of g and t.
46
Suppose -1942 + 10747 = 206*k - 31365. Calculate the highest common factor of k and 416.
13
Let q be (9/(-2))/(231/(-666) + 168/504). What is the greatest common divisor of 2701 and q?
37
Let a be (1 - 0 - 10)/(-1). Suppose 22 = 3*r + 4*y, 4*r + y - 10 = r. Let c be r/(-10) + 2944/320. What is the greatest common factor of c and a?
9
Suppose -4*s = 954 - 2. Let i = 270 + s. Calculate the highest common factor of 8 and i.
8
Let h(m) = 4*m**2 + m + 1. Let x be h(-1). Let i be (-26)/((-1 - 7)/4). Suppose 12*a = i*a - 28. Calculate the highest common factor of x and a.
4
Suppose 150*z + 819 = 171*z. Let v = 1685 - 710. Calculate the greatest common divisor of z and v.
39
Let k be (-19)/76 - (-50)/8. Suppose 0 = -k*v + 2*v - 340. Let n = 94 + v. Calculate the greatest common divisor of 3 and n.
3
Let l = 29 - -13. Suppose 6*w + l = -w. Let v be 0 + (-25)/(-3) + w/(-9). Calculate the greatest common divisor of 1 and v.
1
Let i(g) = 78*g**3 + 21*g**2 + 7*g - 28. Let h be i(1). Calculate the greatest common factor of h and 96.
6
Let s = 165 + -21. Calculate the highest common divisor of 6408 and s.
72
Suppose -z + 3*z + 4*n = 4, 1 = n. Let o be (z - -5) + -3 + 34. Let q be (70/(-21))/(3 + (-163)/54). What is the greatest common divisor of o and q?
36
Suppose -4*s + 14 - 30 = 0. Let y be (s - 3)*(-1 + 3)*1. Let f = y - -34. Calculate the highest common divisor of f and 20.
20
Suppose -185 = 3*v + 2*v + 5*p, 5*v = 2*p - 178. Let f = 34 + v. Let s be (5 - 3)*f/((-8)/18). What is the highest common factor of s and 45?
9
Suppose 203*i = 14390 - 1804. Calculate the highest common divisor of 4309 and i.
31
Let f = 2175 - 2063. Calculate the highest common divisor of f and 126.
14
Let t be 2*829 + 2 + 6 + -15. What is the highest common divisor of t and 13?
13
Suppose -24 = -11*p - 112. Let q(z) = -z**2 - 6*z + 4. Let j be q(p). Let y be (-4)/(j/1)*27. Calculate the greatest common factor of 81 and y.
9
Let n be -11*((-5)/((-35)/(-2212)))/2. What is the greatest common divisor of 22 and n?
22
Suppose -3*c + 1437 = 4*s, -19*s + 18*s + 363 = -3*c. What is the greatest common divisor of 180 and s?
180
Suppose 5*h - 25 = 4*q + 6, -h + 23 = -5*q. Let s = q - -81. What is the highest common divisor of 33 and s?
11
Let t be (-3 + -2)/((-185)/851). Let h be 2066/6 - (-6)/9. What is the greatest common factor of t and h?
23
Let d = -7 - -10. Suppose 2*o + d*c - 2 = 94, 4*o - 2*c - 176 = 0. Calculate the highest common factor of 495 and o.
45
Let u = 53 + -51. Suppose -5*g = m + u*m - 1191, 3*m - 4*g = 1164. What is the highest common divisor of m and 16?
8
Let b be -1*2/(2 - 4)*0. Let x be (-7 - -81) + (-2)/(-4)*b. Suppose x = 2*u - g, u + 2*g - 19 - 8 = 0. Calculate the highest common divisor of 14 and u.
7
Let j(x) = -16*x - 24. Let s(h) = -1. Let a(m) = j(m) - 8*s(m). Let n be a(-7). Suppose n = 6*g - 3*g. Calculate the highest common factor of 16 and g.
16
Let o(d) = -12*d**2 + 70*d + 18. Let r be o(5). What is the highest common divisor of r and 12?
4
Let a(z) = -4*z + 46. Let q be a(8). Suppose 11*c + q = 13*c. Let n be (1 + c)/(-2)*1350/(-216). Calculate the highest common factor of n and 15.
5
Suppose -232*x - 54 = -238*x. Let y be -1 + -3 + 2 + 7. Suppose -y*w = -5*f - 415, 247 = 3*w - 3*f + f. Calculate the highest common divisor of w and x.
9
Suppose -u - 5*b - 8 = 0, -2*b - 389 = -4*u - 245. What is the highest common divisor of 17504 and u?
32
Let a(t) = -t**2 + 12*t - 3. Let y be a(8). Suppose -7*d = 1274 + 1281. Let x = 684 + d. Calculate the greatest common factor of x and y.
29
Let n = 13743 - 13535. Calculate the greatest common factor of 3 and n.
1
Suppose 0 = -d + 6*k - 2*k - 311, 5*d + 1479 = k. Let n = 428 + d. Let i = 9 + 10. What is the highest common divisor of n and i?
19
Suppose -14*t - 37449 = 6*t - 29*t. What is the highest common divisor of t and 114?
57
Let a = -342 + 346. Suppose a*f - 66 - 162 = -2*q, 2*f + 216 = 2*q. What is the highest common divisor of 30 and q?
10
Let w = 253 - 43. Calculate the highest common divisor of 1162 and w.
14
Let r(z) = 5*z**2 + 38*z - 109. Let t be r(9). What is the greatest common factor of t and 464?
58
Suppose 3*i + 2*i + 2475 = 5*q, -5*i - q = 2481. Let x = -484 - i. Suppose b = 2*n + 7 + 7, -18 = -b + 3*n. What is the highest common divisor of b and x?
6
Let x(d) = d**2 - 2*d - 1. Let k be x(7). Let h = k + -27. Let n(c) = -c + 21. Let w be n(14). Calculate the highest common divisor of w and h.
7
Let t be (-206)/(-18) - 40/90. Suppose -5*f + 345 = 5*s, -t*f = -9*f - 5*s - 110. Calculate the greatest common factor of 65 and f.
65
Let s(t) = -t - 2. Let f be s(-6). Let w = 3162 + -3142. Calculate the highest common divisor of f and w.
4
Let d = 25 + -31. Let s = 1 - d. Suppose -4*t - 51 = -s*t. Calculate the highest common divisor of t and 187.
17
Suppose -15*f - 2315 = 2035. Let d = f - -328. What is the greatest common factor of d and 171?
19
Suppose 27*x - 199 - 1313 = 0. Suppose 3*i - i - 84 = 0. Calculate the highest common factor of x and i.
14
Let k be (2144/64)/((25/(-20))/(-5)). What is the highest common divisor of 3082 and k?
134
Suppose 14*i = 118 + 64. Suppose -2*s - 8 = j, -i*j = -14*j - s - 3. Calculate the highest common factor of j and 62.
2
Let t(v) = 77*v + 1257. Let m be t(-16). Calculate the greatest common divisor of m and 8725.
25
Let y(i) = -2*i**3 - 2*i**2 - 3*i - 5. Let o be y(-2). Let d = o + 13. Calculate the highest common factor of 2 and d.
2
Let i = -214 - -365. Suppose -i*z + 148*z + 117 = 0. What is the highest common factor of z and 39?
39
Let o = -7507 + 7675. What i